
68
Calculate the remainder when 622 is divided by 78.
76
Calculate the remainder when 11829 is divided by 338.
337
Calculate the remainder when 120 is divided by 42.
36
Calculate the remainder when 618 is divided by 70.
58
What is the remainder when 24 is divided by 7?
3
Calculate the remainder when 149 is divided by 33.
17
What is the remainder when 433 is divided by 426?
7
What is the remainder when 177 is divided by 62?
53
What is the remainder when 87 is divided by 17?
2
What is the remainder when 23 is divided by 14?
9
Calculate the remainder when 3358 is divided by 32.
30
What is the remainder when 139 is divided by 32?
11
Calculate the remainder when 2821 is divided by 83.
82
Calculate the remainder when 402 is divided by 24.
18
What is the remainder when 43 is divided by 31?
12
Calculate the remainder when 902 is divided by 424.
54
What is the remainder when 105 is divided by 40?
25
What is the remainder when 1322 is divided by 357?
251
What is the remainder when 73 is divided by 50?
23
What is the remainder when 3105 is divided by 260?
245
Calculate the remainder when 43756 is divided by 34.
32
Calculate the remainder when 4439 is divided by 111.
110
Calculate the remainder when 63 is divided by 2.
1
Calculate the remainder when 10001 is divided by 164.
161
Calculate the remainder when 184 is divided by 66.
52
What is the remainder when 156 is divided by 46?
18
What is the remainder when 133 is divided by 55?
23
Calculate the remainder when 794 is divided by 195.
14
What is the remainder when 393 is divided by 33?
30
Calculate the remainder when 77 is divided by 16.
13
What is the remainder when 898 is divided by 225?
223
What is the remainder when 2501 is divided by 660?
521
Calculate the remainder when 173 is divided by 49.
26
What is the remainder when 364 is divided by 61?
59
What is the remainder when 639 is divided by 23?
18
Calculate the remainder when 123 is divided by 9.
6
What is the remainder when 508 is divided by 251?
6
Calculate the remainder when 333 is divided by 97.
42
What is the remainder when 134 is divided by 21?
8
What is the remainder when 357 is divided by 24?
21
What is the remainder when 184 is divided by 10?
4
Calculate the remainder when 176 is divided by 84.
8
Calculate the remainder when 3348 is divided by 73.
63
What is the remainder when 146 is divided by 49?
48
What is the remainder when 1263 is divided by 55?
53
What is the remainder when 350 is divided by 32?
30
Calculate the remainder when 205 is divided by 13.
10
Calculate the remainder when 1295 is divided by 4.
3
Calculate the remainder when 1093 is divided by 8.
5
Calculate the remainder when 81 is divided by 16.
1
What is the remainder when 34 is divided by 12?
10
Calculate the remainder when 2034 is divided by 17.
11
Calculate the remainder when 1087 is divided by 8.
7
Calculate the remainder when 319 is divided by 37.
23
What is the remainder when 702 is divided by 323?
56
What is the remainder when 25 is divided by 2?
1
Calculate the remainder when 719 is divided by 80.
79
Calculate the remainder when 222 is divided by 32.
30
What is the remainder when 255 is divided by 132?
123
What is the remainder when 28 is divided by 9?
1
What is the remainder when 989 is divided by 62?
59
Calculate the remainder when 1077 is divided by 54.
51
What is the remainder when 158 is divided by 21?
11
What is the remainder when 1349 is divided by 272?
261
What is the remainder when 3841 is divided by 47?
34
Calculate the remainder when 131 is divided by 33.
32
What is the remainder when 381 is divided by 66?
51
Calculate the remainder when 169 is divided by 10.
9
What is the remainder when 2638 is divided by 41?
14
Calculate the remainder when 307 is divided by 107.
93
What is the remainder when 674 is divided by 25?
24
What is the remainder when 515 is divided by 13?
8
What is the remainder when 481 is divided by 24?
1
Calculate the remainder when 846 is divided by 88.
54
Calculate the remainder when 5570 is divided by 1852.
14
Calculate the remainder when 6877 is divided by 10.
7
Calculate the remainder when 224 is divided by 52.
16
What is the remainder when 1761 is divided by 42?
39
Calculate the remainder when 83 is divided by 22.
17
What is the remainder when 1118 is divided by 275?
18
What is the remainder when 151 is divided by 38?
37
What is the remainder when 1790 is divided by 442?
22
What is the remainder when 1652 is divided by 29?
28
What is the remainder when 3003 is divided by 104?
91
Calculate the remainder when 1920 is divided by 148.
144
What is the remainder when 47 is divided by 26?
21
What is the remainder when 5663 is divided by 24?
23
Calculate the remainder when 11340 is divided by 16.
12
Calculate the remainder when 106 is divided by 28.
22
What is the remainder when 797 is divided by 57?
56
What is the remainder when 243 is divided by 57?
15
What is the remainder when 4539 is divided by 15?
9
Calculate the remainder when 215 is divided by 145.
70
What is the remainder when 2027 is divided by 58?
55
What is the remainder when 142 is divided by 116?
26
What is the remainder when 699 is divided by 32?
27
Calculate the remainder when 2552 is divided by 82.
10
Calculate the remainder when 457 is divided by 51.
49
What is the remainder when 105 is divided by 103?
2
What is the remainder when 417 is divided by 196?
25
Calculate the remainder when 990 is divided by 42.
24
Calculate the remainder when 80 is divided by 7.
3
Calculate the remainder when 812 is divided by 43.
38
What is the remainder when 150 is divided by 30?
0
Calculate the remainder when 3845 is divided by 296.
293
Calculate the remainder when 60 is divided by 5.
0
What is the remainder when 583 is divided by 138?
31
Calculate the remainder when 34 is divided by 25.
9
What is the remainder when 129 is divided by 44?
41
Calculate the remainder when 1078 is divided by 284.
226
What is the remainder when 83 is divided by 34?
15
What is the remainder when 2888 is divided by 49?
46
What is the remainder when 78 is divided by 44?
34
What is the remainder when 1188 is divided by 46?
38
Calculate the remainder when 2013 is divided by 65.
63
What is the remainder when 4810 is divided by 801?
4
Calculate the remainder when 703 is divided by 23.
13
Calculate the remainder when 604 is divided by 21.
16
Calculate the remainder when 41 is divided by 3.
2
Calculate the remainder when 454 is divided by 13.
12
Calculate the remainder when 937 is divided by 23.
17
Calculate the remainder when 276 is divided by 72.
60
What is the remainder when 59 is divided by 21?
17
What is the remainder when 568 is divided by 3?
1
What is the remainder when 138 is divided by 50?
38
Calculate the remainder when 42 is divided by 24.
18
What is the remainder when 348 is divided by 9?
6
What is the remainder when 7876 is divided by 39?
37
Calculate the remainder when 4835 is divided by 82.
79
Calculate the remainder when 381 is divided by 32.
29
What is the remainder when 133 is divided by 13?
3
What is the remainder when 132 is divided by 72?
60
Calculate the remainder when 2690 is divided by 13.
12
Calculate the remainder when 4397 is divided by 200.
197
What is the remainder when 9345 is divided by 12?
9
What is the remainder when 13 is divided by 13?
0
Calculate the remainder when 214 is divided by 82.
50
What is the remainder when 209 is divided by 71?
67
What is the remainder when 231 is divided by 63?
42
What is the remainder when 17 is divided by 4?
1
Calculate the remainder when 745 is divided by 249.
247
Calculate the remainder when 366 is divided by 123.
120
What is the remainder when 99 is divided by 52?
47
What is the remainder when 128 is divided by 17?
9
Calculate the remainder when 30 is divided by 11.
8
What is the remainder when 710 is divided by 89?
87
Calculate the remainder when 1146 is divided by 96.
90
Calculate the remainder when 1209 is divided by 52.
13
What is the remainder when 37 is divided by 16?
5
Calculate the remainder when 132 is divided by 11.
0
What is the remainder when 2903 is divided by 66?
65
Calculate the remainder when 531 is divided by 86.
15
What is the remainder when 154 is divided by 31?
30
What is the remainder when 1358 is divided by 10?
8
What is the remaind